{"id":28,"date":"2019-04-02T09:15:49","date_gmt":"2019-04-02T09:15:49","guid":{"rendered":"https:\/\/maschinengemeinde.ch\/?page_id=28"},"modified":"2022-03-08T07:03:56","modified_gmt":"2022-03-08T07:03:56","slug":"startseite","status":"publish","type":"page","link":"https:\/\/maschinengemeinde.ch\/","title":{"rendered":"Maschinengemeinde Rheinklingen"},"content":{"rendered":"<h3>Maschinen einfach tauschen.<\/h3>\n<p>Die Maschinengemeinde wurde von mehreren Landwirten in der Region Rheinklingen gegr\u00fcndet, um gemeinsam Maschinen effizient auslasten zu k\u00f6nnen.<\/p>\n<div class=\"wpb_column vc_column_container vc_col-sm-8\">\n<div class=\"vc_column-inner\">\n<div class=\"wpb_wrapper\">\n<div class=\"wpb_text_column wpb_content_element \">\n<div class=\"wpb_wrapper\">\n<h3>Einfach und effektiv.<\/h3>\n<\/div>\n<\/div>\n<div class=\"vc_row wpb_row vc_inner vc_row-fluid\">\n<div class=\"wpb_column vc_column_container vc_col-sm-6\">\n<div class=\"vc_column-inner\">\n<div class=\"wpb_wrapper\">\n<div class=\"wpb_text_column wpb_content_element \">\n<div class=\"wpb_wrapper\">\n<p>Via Smartphone, PC oder Tablet teilen wir unsere Maschinen online \u00fcber die App FarmX. Die App ist einfach und f\u00fcr alle zug\u00e4nglich.<\/p>\n<\/div>\n<\/div>\n<\/div>\n<\/div>\n<\/div>\n<div class=\"wpb_column vc_column_container vc_col-sm-6\">\n<div class=\"vc_column-inner\">\n<div class=\"wpb_wrapper\">\n<div class=\"wpb_text_column wpb_content_element \">\n<div class=\"wpb_wrapper\">\n<p>Ver\u00f6ffentlichen Sie Ihre Maschinen zu den von Ihnen gew\u00fcnschten Konditionen, verwalten Sie die Stammdaten, mieten oder vermieten Sie Maschinen, erfassen Sie die Nutzerdaten und verrechnen Sie die Maschinen; alles auf Knopfdruck.<\/p>\n<p><strong>F\u00fcr mehr Landwirtschaft und weniger B\u00fcrokratie.<\/strong><\/p>\n<\/div>\n<\/div>\n<\/div>\n<\/div>\n<\/div>\n<\/div>\n<\/div>\n<\/div>\n<\/div>\n<p>Jetzt App laden und Maschinen tauschen:<\/p>\n<p><a href=\"https:\/\/play.google.com\/store\/apps\/details?id=ch.seccom.farmx&amp;hl=de\"><img loading=\"lazy\" decoding=\"async\" class=\"aligncenter wp-image-102\" src=\"https:\/\/maschinengemeinde.ch\/wp-content\/uploads\/2019\/04\/google-play-badge-300x116.png\" alt=\"\" width=\"273\" height=\"110\"><\/a><a href=\"https:\/\/itunes.apple.com\/ch\/app\/farmx\/id1450413587?mt=8\"><img loading=\"lazy\" decoding=\"async\" class=\"aligncenter wp-image-105\" src=\"https:\/\/maschinengemeinde.ch\/wp-content\/uploads\/2019\/04\/de-300x100.png\" alt=\"\" width=\"240\" height=\"81\" srcset=\"https:\/\/maschinengemeinde.ch\/wp-content\/uploads\/2019\/04\/de-300x100.png 300w, https:\/\/maschinengemeinde.ch\/wp-content\/uploads\/2019\/04\/de.png 501w\" sizes=\"(max-width: 240px) 100vw, 240px\" \/><\/a><\/p>\n<p>F\u00fcr die Benutzung der Plattform mit einem Computer: <a href=\"http:\/\/app.farmx.ch\">app.farmx.ch<\/a>.<\/p>\n\n\n<figure class=\"wp-block-image\"><img loading=\"lazy\" decoding=\"async\" width=\"1024\" height=\"983\" src=\"https:\/\/maschinengemeinde.ch\/wp-content\/uploads\/2019\/04\/tractor-old-oldtimer-tractors-1024x983.jpg\" alt=\"\" class=\"wp-image-96\" srcset=\"https:\/\/maschinengemeinde.ch\/wp-content\/uploads\/2019\/04\/tractor-old-oldtimer-tractors-1024x983.jpg 1024w, https:\/\/maschinengemeinde.ch\/wp-content\/uploads\/2019\/04\/tractor-old-oldtimer-tractors-300x288.jpg 300w, https:\/\/maschinengemeinde.ch\/wp-content\/uploads\/2019\/04\/tractor-old-oldtimer-tractors-768x737.jpg 768w, https:\/\/maschinengemeinde.ch\/wp-content\/uploads\/2019\/04\/tractor-old-oldtimer-tractors.jpg 1563w\" sizes=\"(max-width: 1024px) 100vw, 1024px\" \/><\/figure>\n","protected":false},"excerpt":{"rendered":"<p>Maschinen einfach tauschen. Die Maschinengemeinde wurde von mehreren Landwirten in der Region Rheinklingen gegr\u00fcndet, um [&hellip;]<\/p>\n","protected":false},"author":1,"featured_media":0,"parent":0,"menu_order":0,"comment_status":"closed","ping_status":"closed","template":"","meta":{"footnotes":""},"aioseo_notices":[],"_links":{"self":[{"href":"https:\/\/maschinengemeinde.ch\/index.php?rest_route=\/wp\/v2\/pages\/28"}],"collection":[{"href":"https:\/\/maschinengemeinde.ch\/index.php?rest_route=\/wp\/v2\/pages"}],"about":[{"href":"https:\/\/maschinengemeinde.ch\/index.php?rest_route=\/wp\/v2\/types\/page"}],"author":[{"embeddable":true,"href":"https:\/\/maschinengemeinde.ch\/index.php?rest_route=\/wp\/v2\/users\/1"}],"replies":[{"embeddable":true,"href":"https:\/\/maschinengemeinde.ch\/index.php?rest_route=%2Fwp%2Fv2%2Fcomments&post=28"}],"version-history":[{"count":20,"href":"https:\/\/maschinengemeinde.ch\/index.php?rest_route=\/wp\/v2\/pages\/28\/revisions"}],"predecessor-version":[{"id":167,"href":"https:\/\/maschinengemeinde.ch\/index.php?rest_route=\/wp\/v2\/pages\/28\/revisions\/167"}],"wp:attachment":[{"href":"https:\/\/maschinengemeinde.ch\/index.php?rest_route=%2Fwp%2Fv2%2Fmedia&parent=28"}],"curies":[{"name":"wp","href":"https:\/\/api.w.org\/{rel}","templated":true}]}}